{"id":2,"date":"2025-10-24T18:03:49","date_gmt":"2025-10-24T16:03:49","guid":{"rendered":"https:\/\/prueba.ceass.gob.bo\/?page_id=2"},"modified":"2025-10-29T14:19:02","modified_gmt":"2025-10-29T13:19:02","slug":"pagina-ejemplo","status":"publish","type":"page","link":"https:\/\/www.ceass.gob.bo\/index.php\/pagina-ejemplo\/","title":{"rendered":"Plan Estrat\u00e9gico Institucional (PEI)"},"content":{"rendered":"\n<p><\/p>\n\n\n\n<p class=\"has-text-align-justify\">El PEI 2021-2025, se constituye en el instrumento orientador que establece el curso del accionar de la Central de Abastecimiento y Suministros de Salud (CEASS) en pos del liderazgo en el suministro de medicamentos e insumos m\u00e9dicos al conjunto del Sistema Nacional de Salud, priorizando objetivos estrat\u00e9gicos y convirtiendo los desaf\u00edos institucionales en oportunidades, atendiendo as\u00ed de esta manera las diferentes necesidades de abastecimiento de medicamentos, contribuyendo a que la poblaci\u00f3n pueda ejercer plenamente el derecho a la salud y la vida, establecidos en la Constituci\u00f3n Pol\u00edtica del Estado \u2013 CPE de 7 de febrero de 2009 y generando los compromisos suficientes para el logro de los objetivos y metas, establecidos en el presente plan.<\/p>\n\n\n\n<p class=\"has-text-align-left\"><br>En ese horizonte aportamos a la consolidaci\u00f3n del proceso de cambio en lo relacionado a la mejora de la realidad social y sanitaria del pa\u00eds y enmarcados en el Decreto Supremo N\u00b0 27943 de 20 de diciembre de 2004, a trav\u00e9s de la cual la CEASS, se constituye en una Instituci\u00f3n P\u00fablica Descentralizada, sin fines de lucro, de prestaci\u00f3n de servicios de car\u00e1cter social, que asume funciones operativas especializadas delegadas por el Ministerio de Salud y Deportes (MSyD).<\/p>\n\n\n\n<p><\/p>\n","protected":false},"excerpt":{"rendered":"<p>El PEI 2021-2025, se constituye en el instrumento orientador que establece el curso del accionar de la Central de Abastecimiento y Suministros de Salud (CEASS) en pos del liderazgo en el suministro de medicamentos e insumos m\u00e9dicos al conjunto del Sistema Nacional de Salud, priorizando objetivos estrat\u00e9gicos y convirtiendo los desaf\u00edos institucionales en oportunidades, atendiendo [&hellip;]<\/p>\n","protected":false},"author":1,"featured_media":0,"parent":0,"menu_order":0,"comment_status":"closed","ping_status":"closed","template":"template\/tabla-plan_estrategico_institucional.php","meta":{"_acf_changed":false,"footnotes":""},"class_list":["post-2","page","type-page","status-publish","hentry"],"acf":[],"_links":{"self":[{"href":"https:\/\/www.ceass.gob.bo\/index.php\/wp-json\/wp\/v2\/pages\/2","targetHints":{"allow":["GET"]}}],"collection":[{"href":"https:\/\/www.ceass.gob.bo\/index.php\/wp-json\/wp\/v2\/pages"}],"about":[{"href":"https:\/\/www.ceass.gob.bo\/index.php\/wp-json\/wp\/v2\/types\/page"}],"author":[{"embeddable":true,"href":"https:\/\/www.ceass.gob.bo\/index.php\/wp-json\/wp\/v2\/users\/1"}],"replies":[{"embeddable":true,"href":"https:\/\/www.ceass.gob.bo\/index.php\/wp-json\/wp\/v2\/comments?post=2"}],"version-history":[{"count":7,"href":"https:\/\/www.ceass.gob.bo\/index.php\/wp-json\/wp\/v2\/pages\/2\/revisions"}],"predecessor-version":[{"id":175,"href":"https:\/\/www.ceass.gob.bo\/index.php\/wp-json\/wp\/v2\/pages\/2\/revisions\/175"}],"wp:attachment":[{"href":"https:\/\/www.ceass.gob.bo\/index.php\/wp-json\/wp\/v2\/media?parent=2"}],"curies":[{"name":"wp","href":"https:\/\/api.w.org\/{rel}","templated":true}]}}