{"id":191,"date":"2025-10-29T16:10:56","date_gmt":"2025-10-29T15:10:56","guid":{"rendered":"https:\/\/prueba.ceass.gob.bo\/?page_id=191"},"modified":"2025-10-29T16:10:56","modified_gmt":"2025-10-29T15:10:56","slug":"servicios","status":"publish","type":"page","link":"https:\/\/www.ceass.gob.bo\/index.php\/servicios\/","title":{"rendered":"Servicios"},"content":{"rendered":"\n<p><\/p>\n\n\n\n<p class=\"has-large-font-size\"><strong>\u00c1mbito de los Servicios de la CEASS<\/strong><\/p>\n\n\n\n<p>En el marco de las atribuciones establecidas por el D.S. 27943, la CEASS brinda y coordina servicios con las instituciones del Nivel Central, Gobiernos Subnacionales, Organismo No Gubernamentales y Organismos Internacionales, relacionados al Sistema P\u00fablico de Salud Boliviano.<\/p>\n\n\n\n<p class=\"has-large-font-size\"><strong>Servicios que brinda la CEASS<\/strong><\/p>\n\n\n\n<p>En aplicaci\u00f3n del Art. 3 del D.S. 27943, los servicios que brinda la CEASS son los siguientes:<\/p>\n\n\n\n<ul class=\"wp-block-list\">\n<li>Abastecimiento, provisi\u00f3n, almacenamiento, comercializaci\u00f3n, suministro, donaci\u00f3n y distribuci\u00f3n de medicamentos esenciales,<\/li>\n\n\n\n<li>Abastecimiento, provisi\u00f3n, almacenamiento, comercializaci\u00f3n, suministro, donaci\u00f3n y distribuci\u00f3n de insumos m\u00e9dicos,<\/li>\n\n\n\n<li>Abastecimiento, provisi\u00f3n, almacenamiento, comercializaci\u00f3n, suministro, donaci\u00f3n y distribuci\u00f3n de reactivos de laboratorio, y<\/li>\n\n\n\n<li>Abastecimiento, provisi\u00f3n, almacenamiento, comercializaci\u00f3n, suministro, donaci\u00f3n y distribuci\u00f3n de productos complementarios de salud.<\/li>\n<\/ul>\n\n\n\n<p class=\"has-large-font-size\"><strong>Flujo y plazo de los Servicios<\/strong><\/p>\n\n\n\n<p><\/p>\n\n\n\n<p>En funci\u00f3n a las atribuciones de la CEASS y los objetivos espec\u00edficos, el flujo resumen de las operaciones es el siguiente:<\/p>\n\n\n\n<figure class=\"wp-block-image size-full\"><img loading=\"lazy\" decoding=\"async\" width=\"768\" height=\"994\" src=\"https:\/\/prueba.ceass.gob.bo\/wp-content\/uploads\/2025\/10\/FlujoCEASS-768x994-1.jpg\" alt=\"\" class=\"wp-image-192\"\/><\/figure>\n","protected":false},"excerpt":{"rendered":"<p>\u00c1mbito de los Servicios de la CEASS En el marco de las atribuciones establecidas por el D.S. 27943, la CEASS brinda y coordina servicios con las instituciones del Nivel Central, Gobiernos Subnacionales, Organismo No Gubernamentales y Organismos Internacionales, relacionados al Sistema P\u00fablico de Salud Boliviano. Servicios que brinda la CEASS En aplicaci\u00f3n del Art. 3 [&hellip;]<\/p>\n","protected":false},"author":1,"featured_media":0,"parent":0,"menu_order":0,"comment_status":"closed","ping_status":"closed","template":"","meta":{"_acf_changed":false,"footnotes":""},"class_list":["post-191","page","type-page","status-publish","hentry"],"acf":[],"_links":{"self":[{"href":"https:\/\/www.ceass.gob.bo\/index.php\/wp-json\/wp\/v2\/pages\/191","targetHints":{"allow":["GET"]}}],"collection":[{"href":"https:\/\/www.ceass.gob.bo\/index.php\/wp-json\/wp\/v2\/pages"}],"about":[{"href":"https:\/\/www.ceass.gob.bo\/index.php\/wp-json\/wp\/v2\/types\/page"}],"author":[{"embeddable":true,"href":"https:\/\/www.ceass.gob.bo\/index.php\/wp-json\/wp\/v2\/users\/1"}],"replies":[{"embeddable":true,"href":"https:\/\/www.ceass.gob.bo\/index.php\/wp-json\/wp\/v2\/comments?post=191"}],"version-history":[{"count":1,"href":"https:\/\/www.ceass.gob.bo\/index.php\/wp-json\/wp\/v2\/pages\/191\/revisions"}],"predecessor-version":[{"id":193,"href":"https:\/\/www.ceass.gob.bo\/index.php\/wp-json\/wp\/v2\/pages\/191\/revisions\/193"}],"wp:attachment":[{"href":"https:\/\/www.ceass.gob.bo\/index.php\/wp-json\/wp\/v2\/media?parent=191"}],"curies":[{"name":"wp","href":"https:\/\/api.w.org\/{rel}","templated":true}]}}